{"id":594,"date":"2024-05-14T03:50:41","date_gmt":"2024-05-14T03:50:41","guid":{"rendered":"http:\/\/doanhnghiepvinhlong.vn\/?post_type=product&#038;p=594"},"modified":"2024-05-14T04:01:45","modified_gmt":"2024-05-14T04:01:45","slug":"vong-charm-vang-trang-750","status":"publish","type":"product","link":"https:\/\/doanhnghiepvinhlong.vn\/?product=vong-charm-vang-trang-750","title":{"rendered":"V\u00f2ng Charm v\u00e0ng tr\u1eafng 750"},"content":{"rendered":"","protected":false},"excerpt":{"rendered":"<p>S\u1ea3n ph\u1ea9m: V\u00f2ng Charm v\u00e0ng tr\u1eafng 750<br \/>\n&#8211; Tr\u1ecdng l\u01b0\u1ee3ng: kho\u1ea3ng 20gram<br \/>\n&#8211; M\u00f3n trang s\u1ee9c tr\u1ebb trung, phong c\u00e1ch. S\u1ef1 ph\u1ed1i h\u1ee3p gi\u1eefa c\u00e1c charm lu\u1ed3n l\u00f5i c\u00e1c s\u1ee3i d\u00e2y d\u1ebbo ch\u1eafc ch\u1eafn.<br \/>\n&#8211; V\u00f2ng charm c\u00f3 nh\u1eefng vi\u00ean bi \u0111\u01b0\u1ee3c ch\u1ea1m m\u00e1y c\u00f4ng ngh\u1ec7 hi\u1ec7n \u0111\u1ea1i \u0111\u00ednh xen h\u1ecda ti\u1ebft m\u00f3n xinh x\u1eafn.<br \/>\n&#8211; T\u00f9y s\u1edf th\u00edch v\u00e0 t\u00ednh c\u00e1ch c\u00f3 th\u1ec3 thay \u0111\u1ed5i charm.<\/p>\n","protected":false},"featured_media":591,"comment_status":"open","ping_status":"closed","template":"","meta":[],"product_cat":[75,84],"product_tag":[],"class_list":{"0":"post-594","1":"product","2":"type-product","3":"status-publish","4":"has-post-thumbnail","6":"product_cat-trang-suc","7":"product_cat-tu-minh-diamond","9":"first","10":"instock","11":"shipping-taxable","12":"product-type-simple"},"_links":{"self":[{"href":"https:\/\/doanhnghiepvinhlong.vn\/index.php?rest_route=\/wp\/v2\/product\/594","targetHints":{"allow":["GET"]}}],"collection":[{"href":"https:\/\/doanhnghiepvinhlong.vn\/index.php?rest_route=\/wp\/v2\/product"}],"about":[{"href":"https:\/\/doanhnghiepvinhlong.vn\/index.php?rest_route=\/wp\/v2\/types\/product"}],"replies":[{"embeddable":true,"href":"https:\/\/doanhnghiepvinhlong.vn\/index.php?rest_route=%2Fwp%2Fv2%2Fcomments&post=594"}],"wp:featuredmedia":[{"embeddable":true,"href":"https:\/\/doanhnghiepvinhlong.vn\/index.php?rest_route=\/wp\/v2\/media\/591"}],"wp:attachment":[{"href":"https:\/\/doanhnghiepvinhlong.vn\/index.php?rest_route=%2Fwp%2Fv2%2Fmedia&parent=594"}],"wp:term":[{"taxonomy":"product_cat","embeddable":true,"href":"https:\/\/doanhnghiepvinhlong.vn\/index.php?rest_route=%2Fwp%2Fv2%2Fproduct_cat&post=594"},{"taxonomy":"product_tag","embeddable":true,"href":"https:\/\/doanhnghiepvinhlong.vn\/index.php?rest_route=%2Fwp%2Fv2%2Fproduct_tag&post=594"}],"curies":[{"name":"wp","href":"https:\/\/api.w.org\/{rel}","templated":true}]}}