{"id":593,"date":"2024-05-14T03:51:06","date_gmt":"2024-05-14T03:51:06","guid":{"rendered":"http:\/\/doanhnghiepvinhlong.vn\/?post_type=product&#038;p=593"},"modified":"2024-05-14T04:01:08","modified_gmt":"2024-05-14T04:01:08","slug":"nhan-nam-phat-tai-vang-17k","status":"publish","type":"product","link":"https:\/\/doanhnghiepvinhlong.vn\/?product=nhan-nam-phat-tai-vang-17k","title":{"rendered":"Nh\u1eabn nam \u201cPh\u00e1t T\u00e0i\u201d v\u00e0ng 17k"},"content":{"rendered":"","protected":false},"excerpt":{"rendered":"<p>S\u1ea3n ph\u1ea9m: <strong>Nh\u1eabn nam \u201cPh\u00e1t t\u00e0i\u201d<\/strong><br \/>\n&#8211; Tr\u1ecdng l\u01b0\u1ee3ng: kho\u1ea3ng 3,86 ch\u1ec9<br \/>\n&#8211; Nh\u1eabn nam ch\u1eef v\u00e0ng \u201cPh\u00e1t t\u00e0i\u201d \u0111\u1ed9c \u0111\u00e1o kh\u00f4ng ch\u1ec9 l\u00e0 m\u1ed9t m\u00f3n trang s\u1ee9c th\u00f4ng th\u01b0\u1eddng m\u00e0 c\u00f2n mang trong m\u00ecnh s\u1ef1 quan tr\u1ecdng \u0111\u1eb7c bi\u1ec7t, phong c\u00e1ch l\u1ecbch l\u00e3m th\u1eddi trang v\u00e0 bi\u1ec3u t\u01b0\u1ee3ng cho s\u1ef1 th\u00e0nh c\u00f4ng c\u1ee7a c\u00e1c qu\u00fd \u00f4ng.<br \/>\n&#8211; M\u1eb7t nh\u1eabn ch\u1ea1m ch\u1eef s\u1eafc n\u00e9t, k\u1ebft h\u1ee3p 2 b\u00ean \u0111ai nh\u1eabn ch\u1ea1m h\u00ecnh r\u1ed3ng u\u1ed1n l\u01b0\u1ee3n, bi\u1ec3u t\u01b0\u1ee3ng cho s\u1ef1 t\u00e0i l\u1ed9c, m\u1ea1nh m\u1ebd, uy quy\u1ec1n.<br \/>\n**S\u1ea3n ph\u1ea9m: V\u00f2ng Charm v\u00e0ng tr\u1eafng 750<br \/>\n&#8211; Tr\u1ecdng l\u01b0\u1ee3ng: kho\u1ea3ng 20gram<br \/>\n&#8211; M\u00f3n trang s\u1ee9c tr\u1ebb trung, phong c\u00e1ch. S\u1ef1 ph\u1ed1i h\u1ee3p gi\u1eefa c\u00e1c charm lu\u1ed3n l\u00f5i c\u00e1c s\u1ee3i d\u00e2y d\u1ebbo ch\u1eafc ch\u1eafn.<br \/>\n&#8211; V\u00f2ng charm c\u00f3 nh\u1eefng vi\u00ean bi \u0111\u01b0\u1ee3c ch\u1ea1m m\u00e1y c\u00f4ng ngh\u1ec7 hi\u1ec7n \u0111\u1ea1i \u0111\u00ednh xen h\u1ecda ti\u1ebft m\u00f3n xinh x\u1eafn.<br \/>\n&#8211; T\u00f9y s\u1edf th\u00edch v\u00e0 t\u00ednh c\u00e1ch c\u00f3 th\u1ec3 thay \u0111\u1ed5i charm.<\/p>\n","protected":false},"featured_media":590,"comment_status":"open","ping_status":"closed","template":"","meta":[],"product_cat":[75,84],"product_tag":[],"class_list":{"0":"post-593","1":"product","2":"type-product","3":"status-publish","4":"has-post-thumbnail","6":"product_cat-trang-suc","7":"product_cat-tu-minh-diamond","9":"first","10":"instock","11":"shipping-taxable","12":"product-type-simple"},"_links":{"self":[{"href":"https:\/\/doanhnghiepvinhlong.vn\/index.php?rest_route=\/wp\/v2\/product\/593","targetHints":{"allow":["GET"]}}],"collection":[{"href":"https:\/\/doanhnghiepvinhlong.vn\/index.php?rest_route=\/wp\/v2\/product"}],"about":[{"href":"https:\/\/doanhnghiepvinhlong.vn\/index.php?rest_route=\/wp\/v2\/types\/product"}],"replies":[{"embeddable":true,"href":"https:\/\/doanhnghiepvinhlong.vn\/index.php?rest_route=%2Fwp%2Fv2%2Fcomments&post=593"}],"wp:featuredmedia":[{"embeddable":true,"href":"https:\/\/doanhnghiepvinhlong.vn\/index.php?rest_route=\/wp\/v2\/media\/590"}],"wp:attachment":[{"href":"https:\/\/doanhnghiepvinhlong.vn\/index.php?rest_route=%2Fwp%2Fv2%2Fmedia&parent=593"}],"wp:term":[{"taxonomy":"product_cat","embeddable":true,"href":"https:\/\/doanhnghiepvinhlong.vn\/index.php?rest_route=%2Fwp%2Fv2%2Fproduct_cat&post=593"},{"taxonomy":"product_tag","embeddable":true,"href":"https:\/\/doanhnghiepvinhlong.vn\/index.php?rest_route=%2Fwp%2Fv2%2Fproduct_tag&post=593"}],"curies":[{"name":"wp","href":"https:\/\/api.w.org\/{rel}","templated":true}]}}