{"id":541,"date":"2024-05-14T03:23:02","date_gmt":"2024-05-14T03:23:02","guid":{"rendered":"http:\/\/doanhnghiepvinhlong.vn\/?post_type=product&#038;p=541"},"modified":"2024-05-14T03:23:02","modified_gmt":"2024-05-14T03:23:02","slug":"tuong-hot-kho-sa-phuoc-khang-200g","status":"publish","type":"product","link":"https:\/\/doanhnghiepvinhlong.vn\/?product=tuong-hot-kho-sa-phuoc-khang-200g","title":{"rendered":"T\u01b0\u01a1ng h\u1ed9t kho s\u1ea3 Ph\u01b0\u1edbc Khang 200g"},"content":{"rendered":"","protected":false},"excerpt":{"rendered":"<p>T\u01af\u01a0NG S\u1ea2 PH\u01af\u1edaC KHANG<br \/>\nS\u1ea3n ph\u1ea9m \u0111\u01b0\u1ee3c l\u00ean men t\u1ef1 nhi\u00ean, chay m\u1eb7n \u0111\u1ec1u d\u00f9ng \u0111\u01b0\u1ee3c.<br \/>\nTh\u00e0nh ph\u1ea7n: \u0111\u1eadu n\u00e0nh, mu\u1ed1i, \u0111\u01b0\u1eddng, s\u1ea3, \u1edbt, d\u1ea7u \u0103n<br \/>\nH\u1ea1n s\u1eed d\u1ee5ng: 6 th\u00e1ng k\u1ec3 t\u1eeb ng\u00e0y s\u1ea3n xu\u1ea5t<br \/>\nH\u01b0\u1edbng d\u1eabn b\u1ea3o qu\u1ea3n: \u0111\u1ec3 n\u01a1i kh\u00f4 r\u00e1o, tho\u00e1ng m\u00e1t, tr\u00e1nh \u00e1nh n\u1eafng tr\u1ef1c ti\u1ebfp, \u0111\u1eady k\u00edn v\u00e0 gi\u1eef l\u1ea1nh sau khi m\u1edf n\u1eafp.<br \/>\nH\u01b0\u1edbng d\u1eabn s\u1eed d\u1ee5ng: S\u1ea3n ph\u1ea9m c\u00f3 th\u1ec3 d\u00f9ng tr\u1ef1c ti\u1ebfp hay ch\u1ebf bi\u1ebfn m\u00f3n \u0103n t\u00f9y th\u00edch.<br \/>\nPh\u00e2n ph\u1ed1i \u0111\u1ed9c quy\u1ec1n b\u1edfi: C\u00f4ng ty TNHH \u0110\u1ea7u t\u01b0 v\u00e0 Ph\u00e1t tri\u1ec3n Hoa Sao<\/p>\n","protected":false},"featured_media":518,"comment_status":"open","ping_status":"closed","template":"","meta":[],"product_cat":[74,81],"product_tag":[],"class_list":{"0":"post-541","1":"product","2":"type-product","3":"status-publish","4":"has-post-thumbnail","6":"product_cat-gia-vi","7":"product_cat-san-pham-hong-huong","9":"first","10":"instock","11":"shipping-taxable","12":"product-type-simple"},"_links":{"self":[{"href":"https:\/\/doanhnghiepvinhlong.vn\/index.php?rest_route=\/wp\/v2\/product\/541","targetHints":{"allow":["GET"]}}],"collection":[{"href":"https:\/\/doanhnghiepvinhlong.vn\/index.php?rest_route=\/wp\/v2\/product"}],"about":[{"href":"https:\/\/doanhnghiepvinhlong.vn\/index.php?rest_route=\/wp\/v2\/types\/product"}],"replies":[{"embeddable":true,"href":"https:\/\/doanhnghiepvinhlong.vn\/index.php?rest_route=%2Fwp%2Fv2%2Fcomments&post=541"}],"wp:featuredmedia":[{"embeddable":true,"href":"https:\/\/doanhnghiepvinhlong.vn\/index.php?rest_route=\/wp\/v2\/media\/518"}],"wp:attachment":[{"href":"https:\/\/doanhnghiepvinhlong.vn\/index.php?rest_route=%2Fwp%2Fv2%2Fmedia&parent=541"}],"wp:term":[{"taxonomy":"product_cat","embeddable":true,"href":"https:\/\/doanhnghiepvinhlong.vn\/index.php?rest_route=%2Fwp%2Fv2%2Fproduct_cat&post=541"},{"taxonomy":"product_tag","embeddable":true,"href":"https:\/\/doanhnghiepvinhlong.vn\/index.php?rest_route=%2Fwp%2Fv2%2Fproduct_tag&post=541"}],"curies":[{"name":"wp","href":"https:\/\/api.w.org\/{rel}","templated":true}]}}