{"id":495,"date":"2024-05-13T05:16:00","date_gmt":"2024-05-13T05:16:00","guid":{"rendered":"http:\/\/doanhnghiepvinhlong.vn\/?post_type=product&#038;p=495"},"modified":"2024-05-13T05:16:00","modified_gmt":"2024-05-13T05:16:00","slug":"gao-64-thom","status":"publish","type":"product","link":"https:\/\/doanhnghiepvinhlong.vn\/?product=gao-64-thom","title":{"rendered":"G\u1ea0O 64 TH\u01a0M"},"content":{"rendered":"","protected":false},"excerpt":{"rendered":"<ul>\n<li>G\u1ea1o c\u00f3 ngu\u1ed3n g\u1ed1c t\u1eeb gi\u1ed1ng l\u00faa ng\u1eafn ng\u00e0y \u0111\u01b0\u1ee3c tr\u1ed3ng nhi\u1ec1u \u1edf v\u00f9ng \u0110\u1ed3ng b\u1eb1ng S\u00f4ng C\u1eedu Long<\/li>\n<li>S\u1ea3n ph\u1ea9m \u0111\u01b0\u1ee3c c\u00f4ng ty li\u00ean k\u1ebft tr\u1ed3ng v\u00e0 bao ti\u00eau<\/li>\n<li>H\u1ea1t g\u1ea1o thon d\u00e0i, tr\u1eafng trong kh\u00f4ng b\u1ecb b\u1ea1c b\u1ee5ng<\/li>\n<li>h\u1ea1t c\u01a1m th\u01a1m ngon, d\u1ebbo v\u1eeba, m\u1ec1m nh\u01b0ng kh\u00f4ng b\u1ecb nh\u00e3o<\/li>\n<\/ul>\n<p>Quy c\u00e1ch \u0111\u00f3ng g\u00f3i 5kg, 10kg, 25kg<\/p>\n","protected":false},"featured_media":491,"comment_status":"open","ping_status":"closed","template":"","meta":[],"product_cat":[72,73],"product_tag":[],"class_list":{"0":"post-495","1":"product","2":"type-product","3":"status-publish","4":"has-post-thumbnail","6":"product_cat-nong-san-nha-nong","7":"product_cat-san-pham-phuoc-thanh-iv","9":"first","10":"instock","11":"shipping-taxable","12":"product-type-simple"},"_links":{"self":[{"href":"https:\/\/doanhnghiepvinhlong.vn\/index.php?rest_route=\/wp\/v2\/product\/495","targetHints":{"allow":["GET"]}}],"collection":[{"href":"https:\/\/doanhnghiepvinhlong.vn\/index.php?rest_route=\/wp\/v2\/product"}],"about":[{"href":"https:\/\/doanhnghiepvinhlong.vn\/index.php?rest_route=\/wp\/v2\/types\/product"}],"replies":[{"embeddable":true,"href":"https:\/\/doanhnghiepvinhlong.vn\/index.php?rest_route=%2Fwp%2Fv2%2Fcomments&post=495"}],"wp:featuredmedia":[{"embeddable":true,"href":"https:\/\/doanhnghiepvinhlong.vn\/index.php?rest_route=\/wp\/v2\/media\/491"}],"wp:attachment":[{"href":"https:\/\/doanhnghiepvinhlong.vn\/index.php?rest_route=%2Fwp%2Fv2%2Fmedia&parent=495"}],"wp:term":[{"taxonomy":"product_cat","embeddable":true,"href":"https:\/\/doanhnghiepvinhlong.vn\/index.php?rest_route=%2Fwp%2Fv2%2Fproduct_cat&post=495"},{"taxonomy":"product_tag","embeddable":true,"href":"https:\/\/doanhnghiepvinhlong.vn\/index.php?rest_route=%2Fwp%2Fv2%2Fproduct_tag&post=495"}],"curies":[{"name":"wp","href":"https:\/\/api.w.org\/{rel}","templated":true}]}}